{"id":53,"date":"2016-04-26T10:41:58","date_gmt":"2016-04-26T08:41:58","guid":{"rendered":"http:\/\/www.rolandschwaiger.at\/?page_id=53"},"modified":"2021-01-03T10:09:58","modified_gmt":"2021-01-03T09:09:58","slug":"publications","status":"publish","type":"page","link":"http:\/\/www.rolandschwaiger.at\/?page_id=53","title":{"rendered":"Publications"},"content":{"rendered":"<table>\n<tbody>\n<tr>\n<td width=\"154\">(2020, 2018)<\/td>\n<td width=\"555\">2. .Auflage: Joachim Steinwendner. und Roland Schwaiger (2020).\u00a0 \u201eNeuronale Netze programmieren mit Python\u201c, Rheinwerk Computing, 2020, ISBN\u00a0978-3-8362-7450-0<\/p>\n<p>1. Auflage: Roland Schwaiger und Joachim Steinwendner (2018). \u201eNeuronale Netze programmieren mit Python\u201c, Rheinwerk Computing, 2018, ISBN 978-3-8362-6142-5<\/td>\n<\/tr>\n<tr>\n<td width=\"154\">(2019, 2014, 2012)<\/td>\n<td width=\"555\">3. Auflage: Roland Schwaiger (2019). \u201eSchr\u00f6dinger programmiert ABAP\u201c, SAP Press, 2019, ISBN\u00a0978-3-8362-6607-9<\/p>\n<p>2. Auflage: Roland Schwaiger (2014). \u201eSchr\u00f6dinger programmiert ABAP\u201c, SAP Press, 2014, ISBN 3-8362-1858-5<\/p>\n<p>1. Auflage: Roland Schwaiger (2012). \u201eSchr\u00f6dinger programmiert ABAP\u201c, SAP Press, 2012, ISBN 3-8362-1858-5<\/td>\n<\/tr>\n<tr>\n<td width=\"154\">(2014, 2010)<\/td>\n<td width=\"555\">2. Auflage: Roland Schwaiger und Dominik Ofenloch (2014). \u201eWeb Dynpro ABAP \u2013 Das umfassende Handbuch\u201c, SAP Press, 2014, ISBN 3-8362-1522-5<\/p>\n<p>1. Auflage: Roland Schwaiger und Dominik Ofenloch (2010). \u201eWeb Dynpro ABAP \u2013 Das umfassende Handbuch\u201c, SAP Press, 11.2010, ISBN 3-8362-1522-5<\/td>\n<\/tr>\n<tr>\n<td width=\"154\">(2010)<\/td>\n<td width=\"555\">Roland Schwaiger und Martin Schwaiger (2010). \u201eROSA-TOM Agile Prozesserfassung\u201c, Books on Demand, 2008, ISBN 3-8391-6919-4<\/td>\n<\/tr>\n<tr>\n<td width=\"154\">(2009)<\/td>\n<td width=\"555\">Dominik Ofenloch und Roland Schwaiger (2009). \u201eGetting Started with Web Dynpro ABAP\u201c, SAP Press, 11.2009, ISBN 978-1-59229-311-7<\/td>\n<\/tr>\n<tr>\n<td width=\"154\">(2009)<\/td>\n<td width=\"555\">Dominik Ofenloch und Roland Schwaiger (2009). \u201eEinstieg in Web Dynpro ABAP\u201c, SAP Press, 04.2009, ISBN 978-3-8362-1315-8<\/td>\n<\/tr>\n<tr>\n<td width=\"154\">(2008)<\/td>\n<td width=\"555\">Roland Schwaiger (2008). \u201eSprachen und Standards f\u00fcr IST- und SOLL-Prozessbeschreibungen im betrieblichen Umfeld\u201c, Thesis f\u00fcr MBA (Master of Business Administration, Schwerpunkt: Prozess- und Projektmanagement) an der Salzburg Management und Business School (SMBS), 2008<\/td>\n<\/tr>\n<tr>\n<td width=\"154\">(2008)<\/td>\n<td width=\"555\">Roland Schwaiger (2008). \u201eSprachen und Standards f\u00fcr IST- und SOLL-Prozessbeschreibungen im betrieblichen Umfeld\u201c, Books on Demand, 2008, ISBN 9783837063226<\/td>\n<\/tr>\n<tr>\n<td width=\"154\">(2002)<\/td>\n<td width=\"555\"><a href=\"http:\/\/www.cosy.sbg.ac.at\/~helmut\/helmut.html\">H. A. Mayer<\/a>, <a href=\"http:\/\/www.cosy.sbg.ac.at\/~rschwaig\/rschwaig.html\">R. Schwaiger<\/a> (2002). \u201e<a href=\"http:\/\/www.cosy.sbg.ac.at\/~helmut\/Research\/Papers\/Abstracts\/honolulu02.html\">Differentiation of Neuron Types by Evolving Activation Function Templates for Artificial Neural Networks<\/a>\u201c, Proceedings of the 2002 World Congress on Computational Intelligence, International Joint Conference on Neural Networks, pp. 1773-1778, Honolulu, Hawaii, 2002.<\/td>\n<\/tr>\n<tr>\n<td width=\"154\">(2001)<\/td>\n<td width=\"555\"><a href=\"http:\/\/www.cosy.sbg.ac.at\/~helmut\/helmut.html\">H. A. Mayer<\/a>, <a href=\"http:\/\/www.cosy.sbg.ac.at\/~rschwaig\/rschwaig.html\">R. Schwaiger<\/a> (2001). \u201e<a href=\"http:\/\/www.cosy.sbg.ac.at\/~helmut\/Research\/Papers\/Abstracts\/porto01.html\">Evolution of Cubic Spline Activation Functions for Artificial Neural Networks<\/a>\u201d, Proceedings of the 10th Portuguese Conference on Artificial Intelligence (EPIA 2001), Porto, Portugal, 2001. Springer LNAI 2258, pp. 63-73, ISBN-13 978-3540430308<\/td>\n<\/tr>\n<tr>\n<td width=\"154\">(2001)<\/td>\n<td width=\"555\">Roland Schwaiger (2001). \u201eEvolutionary Methods in Artificial Neural Networks Design and Multi Agent Systems\u201c, Dissertation f\u00fcr Dr.rer.nat. auf der Naturwissenschaftlichen Fakult\u00e4t an der Universit\u00e4t Salzburg.<\/td>\n<\/tr>\n<tr>\n<td width=\"154\">(2001)<\/td>\n<td width=\"555\">Roland Schwaiger, Konrad Lang (2001). \u201eEvolution of Wandering Behavior in a Multi Agent System: An Experiment\u201c, In Artificial Intelligence Series \u201cAdvances in Neural Networks an Applications\u201d (2001), pp. 47-52, ISBN 960-8052-26-2<\/td>\n<\/tr>\n<tr>\n<td width=\"154\">(1999)<\/td>\n<td width=\"555\">Helmut Mayer and Roland Schwaiger (1999). \u201cEvolutionary and Coevolutionary Approaches to Time Series Prediction Using Generalized Multi-Layer Perceptrons\u201d, Proceedings of the 1999 Congress on Evolutionary Computation, Washington DC: IEEE Press, 275-280.<\/td>\n<\/tr>\n<tr>\n<td width=\"154\">(1998)<\/td>\n<td width=\"555\">Roland Schwaiger (1998). \u201ePruning, Growing and Evolutionary Design of Artificial Neural Networks\u201c, Diplomarbeit f\u00fcr Dipl.-Ing. am Institut f\u00fcr Computerwissenschaften an der Universit\u00e4t Salzburg.<\/td>\n<\/tr>\n<tr>\n<td width=\"154\">(1997)<\/td>\n<td width=\"555\">Helmut A. Mayer, Roland Schwaiger (1997). \u201eTowards the Evolution of Training Data Sets for Artificial Neural Networks\u201d. Proceedings of the 4th IEEE International Conference on Evolutionary Computation, Indianapolis, Indiana: IEEE Press, 663-666 .<\/td>\n<\/tr>\n<tr>\n<td width=\"154\">(1997)<\/td>\n<td width=\"555\"><a href=\"http:\/\/fodok.uni-salzburg.at\/pls\/portal\/nav.show?x=&amp;format=full_publikation&amp;object=7853&amp;lang=158\">Roland Schwaiger, Helmut A. Mayer (1997). \u201eGenetic Algorithms to Create Training Data Sets for Artificial Neural Networks\u201d, Proceedings of the 3rd Nordic Workshop on Genetic Algorithms and their Applications, Helsinki, Finland, 153-161.<\/a><\/td>\n<\/tr>\n<tr>\n<td width=\"154\">(1996)<\/td>\n<td width=\"555\">Helmut A. Mayer and Roland Schwaiger and Reinhold Huber (1996). \u201cEvolving Topologies of Artificial Neural Networks Adapted to Image Processing Tasks\u201d, in Proceeding of the 26th International Symposium on Remote Sensing of Environment, March 1996, 73-79.<\/td>\n<\/tr>\n<tr>\n<td width=\"154\">(1996)<\/td>\n<td width=\"555\">Reinhold Huber and Roland Schwaiger and Helmut A. Mayer (1996).\u201dOn the Role of Regularization Parameters in Fitness Function for Evolutionary Designed Artificial Neural Networks\u201d, World Congress on Neural Networks, September 15-20, 1996, San Diego, California.<\/td>\n<\/tr>\n<tr>\n<td width=\"154\">(1996)<\/td>\n<td width=\"555\">Reinhold Huber and Helmut A. Mayer and Schwaiger Roland (1996). \u201cEvolution of Low Complexity Artificial Neural Networks for Land Cover Classification from Remote Sensing Data\u201d, 20th Workshop of the Austrian Pattern Recognition Group (OAGM), May 9-10, 1996, Schloss Seggau, Leibnitz, Austria.<\/td>\n<\/tr>\n<tr>\n<td width=\"154\">(1996)<\/td>\n<td width=\"555\">Helmut A. Mayer and Schwaiger Roland and Reinhold Huber (1996). \u201cLean Artificial Neural Networks Regularization Helps Evolution\u201d, 2nd Nordic Workshop on Genetic Algorithms, August 19-23, 1996, Vaasa, Finland.<\/td>\n<\/tr>\n<tr>\n<td width=\"154\">(1995)<\/td>\n<td width=\"555\">Roland Schwaiger (1995). \u201eOn the Number of Labeled, Non-Isolated, Bipartite Graphs\u201d. Technical Report am Institut f\u00fcr Computerwissenschaften an der Universit\u00e4t Salzburg.<\/td>\n<\/tr>\n<tr>\n<td width=\"154\">(1995)<\/td>\n<td width=\"555\">R. Huber, H. Mayer, R. Schwaiger (1995): \u201cnetGEN &#8211; A Parallel System Generating Problem-Adapted Topologies of Artificial Neural Networks by Means of Genetic Algorithms\u201d. Beitr\u00e4ge zum 7. Fachgruppentreffen Maschinelles Lernen der GI-Fachgruppe 1.1.3, Forschungsbericht Nr. 580, Dortmund 1995, 91-98.<\/td>\n<\/tr>\n<tr>\n<td width=\"154\">(1995)<\/td>\n<td width=\"555\">Roland Schwaiger, Reinhold Huber, Helmut A. Mayer (1995). \u201cLandcover Classification of Landsat Images Using Problem-Adapted Artificial Neural Networks&#8220;, International Workshop on Soft Computing in Remote Sensing Data Analysis, Milan, Italy, December, 1995.<\/td>\n<\/tr>\n<tr>\n<td width=\"154\">(1994)<\/td>\n<td width=\"555\">Roland Schwaiger (1994). \u201cNeural Network and Derivative Based Edge Detection\u201d, Diplomarbeit f\u00fcr Mag.rer.nat am Institut f\u00fcr Mathematik an der Universit\u00e4t Salzburg.<\/td>\n<\/tr>\n<tr>\n<td width=\"154\">(1993)<\/td>\n<td width=\"555\">Roland Schwaiger (1993). \u201cInvariant Pattern Recognition by Means of Artificial Neural Networks\u201d, Final Project for Master of Science (MSc) at Bowling Green State University.<\/td>\n<\/tr>\n<\/tbody>\n<\/table>\n","protected":false},"excerpt":{"rendered":"<p>(2020, 2018) 2. .Auflage: Joachim Steinwendner. und Roland Schwaiger (2020).\u00a0 \u201eNeuronale Netze programmieren mit Python\u201c, Rheinwerk Computing, 2020, ISBN\u00a0978-3-8362-7450-0 1. Auflage: Roland Schwaiger und Joachim Steinwendner (2018). \u201eNeuronale Netze programmieren mit Python\u201c, Rheinwerk Computing, 2018, ISBN 978-3-8362-6142-5 (2019, 2014, 2012) 3. Auflage: Roland Schwaiger (2019). \u201eSchr\u00f6dinger programmiert ABAP\u201c, SAP Press, 2019, ISBN\u00a0978-3-8362-6607-9 2. Auflage: Roland &hellip; <a href=\"http:\/\/www.rolandschwaiger.at\/?page_id=53\" class=\"more-link\"><span class=\"screen-reader-text\">Publications<\/span> weiterlesen <span class=\"meta-nav\">&rarr;<\/span><\/a><\/p>\n","protected":false},"author":1,"featured_media":0,"parent":0,"menu_order":0,"comment_status":"closed","ping_status":"closed","template":"","meta":{"footnotes":""},"class_list":["post-53","page","type-page","status-publish","hentry"],"_links":{"self":[{"href":"http:\/\/www.rolandschwaiger.at\/index.php?rest_route=\/wp\/v2\/pages\/53","targetHints":{"allow":["GET"]}}],"collection":[{"href":"http:\/\/www.rolandschwaiger.at\/index.php?rest_route=\/wp\/v2\/pages"}],"about":[{"href":"http:\/\/www.rolandschwaiger.at\/index.php?rest_route=\/wp\/v2\/types\/page"}],"author":[{"embeddable":true,"href":"http:\/\/www.rolandschwaiger.at\/index.php?rest_route=\/wp\/v2\/users\/1"}],"replies":[{"embeddable":true,"href":"http:\/\/www.rolandschwaiger.at\/index.php?rest_route=%2Fwp%2Fv2%2Fcomments&post=53"}],"version-history":[{"count":6,"href":"http:\/\/www.rolandschwaiger.at\/index.php?rest_route=\/wp\/v2\/pages\/53\/revisions"}],"predecessor-version":[{"id":404,"href":"http:\/\/www.rolandschwaiger.at\/index.php?rest_route=\/wp\/v2\/pages\/53\/revisions\/404"}],"wp:attachment":[{"href":"http:\/\/www.rolandschwaiger.at\/index.php?rest_route=%2Fwp%2Fv2%2Fmedia&parent=53"}],"curies":[{"name":"wp","href":"https:\/\/api.w.org\/{rel}","templated":true}]}}